What is 1cb8 (base 14) in base 15?
1858
c57 (base 14) to base 7
10040
10001 (base 2) to base 16
11
What is 3607 (base 11) in base 2?
1001001110110
Convert 121273 (base 8) to base 12.
20137
What is -11012220 (base 3) in base 8?
-6003
144335 (base 6) to base 4
3122003
211021 (base 3) to base 13
373
-1000011100101010 (base 2) to base 5
-2101402
-22a4 (base 13) to base 7
-20121
Convert -6466 (base 10) to base 6.
-45534
Convert 1002221100 (base 3) to base 16.
5541
Convert -112001 (base 6) to base 7.
-36466
What is -820 (base 15) in base 12?
-1086
What is -1212 (base 3) in base 13?
-3b
What is 19476 (base 11) in base 14?
9c9d
Convert 212120221 (base 3) to base 8.
41455
752 (base 11) to base 5
12104
Convert 26030 (base 8) to base 10.
11288
-100110010001001 (base 2) to base 15
-5c13
Convert 1a9b (base 15) to base 4.
1122023
Convert 101011111 (base 2) to base 9.
430
What is 1033012 (base 4) in base 7?
20521
What is -27072 (base 11) in base 13?
-147b3
What is -1096 (base 10) in base 16?
-448
33 (base 7) to base 10
24
Convert -2210121 (base 3) to base 7.
-5644
What is 1013511 (base 6) in base 7?
262144
What is 12221 (base 3) in base 9?
187
Convert -624 (base 7) to base 3.
-102120
23531 (base 7) to base 10
6098
Convert 42056 (base 8) to base 13.
7c38
673 (base 9) to base 11
462
-b324 (base 13) to base 5
-1242304
What is 42104 (base 5) in base 10?
2779
Convert 3081 (base 9) to base 14.
b76
Convert 3132 (base 6) to base 8.
1300
Convert -17850 (base 10) to base 4.
-10112322
Convert -464 (base 9) to base 3.
-112011
-1200010000 (base 3) to base 16
-8076
What is -10104 (base 9) in base 11?
-4aa2
10210111 (base 3) to base 5
42032
What is b2bd (base 14) in base 16?
7817
-2545 (base 12) to base 3
-12210122
2702 (base 10) to base 5
41302
Convert -4804 (base 9) to base 15.
-10cd
-171 (base 9) to base 3
-12101
What is 589 (base 16) in base 9?
1844
-24401 (base 7) to base 6
-45255
What is -654 (base 8) in base 5?
-3203
Convert -1040a (base 13) to base 5.
-1413442
What is -295 (base 14) in base 16?
-20b
Convert 454 (base 10) to base 5.
3304
-6756 (base 8) to base 2
-110111101110
What is 32567 (base 9) in base 16?
5467
What is -542 (base 7) in base 6?
-1135
Convert 10200102 (base 3) to base 15.
bde
What is -c69 (base 13) in base 4?
-201003
What is -1122 (base 11) in base 5?
-21401
-101010101110 (base 2) to base 12
-16ba
177 (base 8) to base 15
87
11002000 (base 3) to base 16
b9a
Convert -697 (base 11) to base 16.
-340
-1111123 (base 4) to base 13
-2647
What is 41 (base 8) in base 13?
27
What is -363 (base 15) in base 10?
-768
What is -1623 (base 13) in base 2?
-110010101000
1010110111011 (base 2) to base 8
12673
What is 1051 (base 9) in base 12?
547
3111210 (base 4) to base 13
62b5
-149ab (base 13) to base 7
-221510
10010100100010010 (base 2) to base 6
1344030
What is -5601 (base 13) in base 2?
-10111011100000
100110 (base 2) to base 7
53
Convert -2a3c (base 13) to base 16.
-17f7
5201 (base 13) to base 9
16472
What is -240 (base 13) in base 6?
-1450
What is -10022 (base 9) in base 3?
-100000202
Convert -1772 (base 15) to base 3.
-20221022
What is -202421 (base 5) in base 15?
-1e5b
What is -570 (base 10) in base 8?
-1072
Convert 275b (base 13) to base 5.
140103
111001001 (base 2) to base 8
711
Convert 6d3b (base 14) to base 8.
45171
What is 1de (base 15) in base 8?
662
Convert -252313 (base 7) to base 10.
-46462
-4613 (base 9) to base 12
-1b86
31551 (base 7) to base 9
11656
-26724 (base 11) to base 2
-1001010011111101
What is -101100100 (base 2) in base 6?
-1352
-b833 (base 12) to base 5
-1121244
What is 62 (base 7) in base 2?
101100
Convert -1221222221 (base 3) to base 9.
-57887
Convert -4647 (base 10) to base 12.
-2833
What is -45 (base 15) in base 9?
-72
-7117 (base 9) to base 15
-181a
Convert 413b (base 12) to base 10.
7103
Convert 211302 (base 4) to base 12.
1496
Convert 55321 (base 6) to base 10.
7681
Convert 27 (base 9) to base 10.
25
Convert 10101011111001 (base 2) to base 4.
2223321
10100010010 (base 2) to base 11
a80
-10121 (base 5) to base 7
-1633
What is 394a (base 12) in base 13?
2c8c
-1110010110 (base 2) to base 8
-1626
60a9 (base 12) to base 9
15353
Convert -1650 (base 8) to base 4.
-32220
-112212 (base 3) to base 11
-335
10a70 (base 12) to base 5
1203020
1659 (base 14) to base 3
12111010
What is -1101010001010 (base 2) in base 13?
-3128
-120100 (base 3) to base 13
-25b
What is -3634 (base 13) in base 4?
-1313200
What is -3221 (base 7) in base 14?
-5b8
1a282 (base 13) to base 12
255bb
Convert -761 (base 8) to base 9.
-612
4004 (base 9) to base 3
11000011
Convert -222002120 (base 3) to base 2.
-100101001001111
What is 911 (base 15) in base 16?
7f9
Convert 121221101 (base 3) to base 11.
9307
What is -4cc1 (base 13) in base 2?
-10101011011101
-1101100011 (base 2) to base 9
-1163
What is 16516 (base 8) in base 2?
1110101001110
Convert 345 (base 11) to base 3.
120021
What is -4940 (base 14) in base 5?
-402141
What is 14914 (base 11) in base 13?
9789
Convert -1bb0 (base 13) to base 15.
-139e
Convert 1244 (base 12) to base 8.
4024
What is -19f4 (base 16) in base 13?
-3041
Convert -10000100101 (base 2) to base 4.
-100211
What is -23330 (base 8) in base 5?
-304234
-10001010101 (base 2) to base 11
-919
What is 15351 (base 8) in base 6?
51521
What is -1155 (base 7) in base 13?
-273
Convert -23146 (base 10) to base 7.
-124324
Convert -1344 (base 12) to base 4.
-202210
-1010020101 (base 3) to base 12
-1090a
27675 (base 11) to base 5
2230112
Convert -32704 (base 11) to base 5.
-3004221
-4166 (base 9) to base 14
-1185
-5475 (base 9) to base 16
-fc5
Convert -247e (base 15) to base 11.
-5923
What is -100 (base 4) in base 2?
-10000
What is -120311 (base 5) in base 15?
-14c1
Convert 41210 (base 6) to base 12.
3206
Convert 558a (base 14) to base 8.
34746
Convert -442 (base 7) to base 10.
-226
8195 (base 12) to base 10
14081
What is -542 (base 6) in base 3?
-21122
What is 557 (base 11) in base 10?
667
Convert 215a0 (base 11) to base 12.
16168
-22303 (base 5) to base 13
-945
13251 (base 6) to base 12
1227
Convert -a599 (base 12) to base 15.
-557c
Convert -562 (base 13) to base 4.
-32131
Convert 20313202 (base 4) to base 13.
136c0
Convert -3145 (base 9) to base 15.
-a3e
What is 627 (base 8) in base 4?
12113
What is -931b (base 14) in base 6?
-313101
2a6 (base 14) to base 9
657
What is 222c (base 13) in base 12?
2916
Convert 3300 (base 9) to base 7.
10041
Convert -6704 (base 8) to base 5.
-103044
What is 1ee (base 15) in base 2?
111000001
-3802 (base 13) to base 14
-2c77
1ee3 (base 15) to base 16
1a52
Convert -488 (base 9) to base 12.
-298
-3a90 (base 14) to base 10
-10318
4064 (base 9) to base 6
21434
7916 (base 11) to base 12
6047
111000111100010 (base 2) to base 4
13013202
Convert 8c (base 16) to base 8.
214
-2130 (base 4) to base 14
-b2
Convert 363 (base 13) to base 8.
1114
Convert 3440 (base 7) to base 4.
103211
-1000001100001 (base 2) to base 6
-31225
13223 (base 4) to base 16
1eb
What is -2033 (base 4) in base 11?
-120
10010011111000 (base 2) to base 3
110222112
Convert 131013 (base 4) to base 15.
843
Convert -501a (base 11) to base 10.
-6676
What is 10023 (base 5) in base 2?
1001111110
-10200222 (base 3) to base 2
-101010001011
What is 2a23 (base 11) in base 14?
15c5
239 (base 15) to base 8
770
What is 5416 (base 7) in base 16?
784
What is -61676 (base 8) in base 12?
-1293a
What is 1d6c (base 16) in base 8?
16554
What is -4689 (base 13) in base 7?
-40623
-30013 (base 4) to base 5
-11100
Convert 3442 (base 6) to base 5.
11233
Convert 2ab (base 12) to base 11.
351
Convert 84 (base 11) to base 7.
161
1dce (base 16) to base 3
101110121
Convert -2256 (base 8) to base 14.
-618
What is 112221 (base 3) in base 5?
3103
Convert -13753 (base 13) to base 8.
-107063
What is 207 (base 13) in base 11?
294
What is 1223 (base 10) in base 9?
1608
What is 2a6 (base 14) in base 15?
25d
What is -1465 (base 15) in base 2?
-1000100010010
What is -10001 (base 5) in base 12?
-442
-11114 (base 8) to base 12
-2864
What is 225 (base 8) in base 12?
105
Convert 35054 (base 7) to base 9.
13252
2121212 (base 3) to base 13
b42
What is 18022 (base 12) in base 6?
424042
What is 12af (base 16) in base 14?
1a59
-1011110101100 (base 2) to base 8
-13654
What is -1213310 (base 4) in base 6?
-50432
-328 (ba